12 - -2200101?
2112012
In base 4, what is 32110 + 13203?
111313
In base 8, what is 4 - -2064514?
2064520
In base 6, what is 2453 + 530?
3423
In base 10, what is -2239 - 799?
-3038
In base 7, what is 5 + 50225?
50233
In base 6, what is -541211 + 145?
-541022
In base 5, what is 4 + 444324?
444333
In base 2, what is -110011110110101 + -100?
-110011110111001
In base 6, what is 4351 + -25255?
-20504
In base 4, what is -2013211 - -10323?
-2002222
In base 13, what is a2 - 10?
92
In base 13, what is -23c45 + 20?
-23c25
In base 14, what is -c - 1bcc7?
-1bcd5
In base 7, what is -44 + -4511?
-4555
In base 2, what is 0 + -111000011101100?
-111000011101100
In base 4, what is 131 - 1203232?
-1203101
In base 7, what is 6 - -41413?
41422
In base 5, what is 22 - -102041?
102113
In base 7, what is 136122 - -51?
136203
In base 3, what is 112110220222 + 12?
112110221011
In base 7, what is 22154662 - 4?
22154655
In base 16, what is -44 - -621?
5dd
In base 2, what is 11110101100110 + 1110100?
11110111011010
In base 12, what is 208 + -55bb?
-53b3
In base 13, what is 3 - -17522?
17525
In base 9, what is 4610 + 46?
4656
In base 5, what is -1434111442 - -2?
-1434111440
In base 9, what is 1 + -68012?
-68011
In base 4, what is 1 - 1130332?
-1130331
In base 14, what is 3b5 + 24d?
624
In base 6, what is 5140 + 201?
5341
In base 4, what is -200 + -11002?
-11202
In base 10, what is -4 - 126?
-130
In base 15, what is -29 + -138d6?
-13910
In base 15, what is 1b + -5c8?
-5ac
In base 11, what is -13746 + 116?
-13630
In base 5, what is -14 + -10033020?
-10033034
In base 2, what is -1011001110010010 + -1?
-1011001110010011
In base 12, what is 6 - 130?
-126
In base 15, what is -598ed - -2?
-598eb
In base 15, what is 3 - -1419a?
1419d
In base 12, what is 72a3 + -8?
7297
In base 12, what is -455914 + 2?
-455912
In base 11, what is -1100 + 3449?
2349
In base 2, what is 1010 + -1011001101001110?
-1011001101000100
In base 12, what is -3b12 - 10?
-3b22
In base 9, what is 1636052 + 0?
1636052
In base 16, what is 282 + -39?
249
In base 15, what is -5 - 4035?
-403a
In base 7, what is -362246 + -1?
-362250
In base 11, what is -29871 - 21?
-29892
In base 12, what is 41b241 - -2?
41b243
In base 13, what is -1b0c + 54?
-1a88
In base 13, what is 58 + 1b1?
239
In base 13, what is 1 + -42b6b?
-42b6a
In base 3, what is 11 - -1022102212?
1022110000
In base 13, what is 16 + -c59?
-c43
In base 5, what is 20 - 303140?
-303120
In base 6, what is -12004 + 0?
-12004
In base 13, what is c0cc2 + -3?
c0cbc
In base 6, what is 11 + 33233?
33244
In base 3, what is -1112 - -12?
-1100
In base 16, what is -6f6 - -6?
-6f0
In base 3, what is 12102 + -12012?
20
In base 8, what is -6061 - -271?
-5570
In base 15, what is -7b + -16?
-92
In base 6, what is 202 + 211154?
211400
In base 11, what is 7 - 2973?
-2967
In base 2, what is 10000010010010010 + -100?
10000010010001110
In base 16, what is 8 - -36c0?
36c8
In base 2, what is 100 - -10111001110001?
10111001110101
In base 3, what is -12220 + -100201?
-120121
In base 4, what is 132210 - 2?
132202
In base 2, what is 110000001000 - -1?
110000001001
In base 11, what is -15a3 - 11?
-1604
In base 11, what is 137223 + -5?
137219
In base 14, what is -1 + -22087?
-22088
In base 15, what is -2342 - 1?
-2343
In base 13, what is -a012 - 34?
-a046
In base 7, what is 2 - -14055?
14060
In base 13, what is -2a0081 - -1?
-2a0080
In base 3, what is -20210201 - -212?
-20202212
In base 12, what is 66 + 708?
772
In base 6, what is 1113135 - 22?
1113113
In base 5, what is 1 - 2304330?
-2304324
In base 9, what is -5 + -151363?
-151368
In base 6, what is -5423 - -15?
-5404
In base 3, what is -20 - -222211202?
222211112
In base 13, what is 1 + 632c?
6330
In base 11, what is 211 - -5?
216
In base 2, what is 1 - -1011100011000?
1011100011001
In base 3, what is -2101011 - 201?
-2101212
In base 10, what is -1504358 - -5?
-1504353
In base 12, what is 1 + -3439?
-3438
In base 4, what is -210000032 - 1?
-210000033
In base 12, what is -19 - -1203?
11a6
In base 5, what is 3 + -14322?
-14314
In base 9, what is -300 - -321?
21
In base 6, what is 3421 + 224?
4045
In base 8, what is 4 - 1414363?
-1414357
In base 4, what is -2021 + 12133120?
12131033
In base 15, what is e - ddcb?
-ddbc
In base 3, what is -100 - -110102210?
110102110
In base 2, what is 100010100 + 111010010000?
111110100100
In base 12, what is -603 + 267?
-358
In base 8, what is 77 + -156?
-57
In base 8, what is -4 + 1075772?
1075766
In base 5, what is -31120130 - 4?
-31120134
In base 7, what is -10002 - 4?
-10006
In base 6, what is -11240 + -2544?
-14224
In base 12, what is -1a + -1838b?
-183a9
In base 15, what is 8 - -cb93?
cb9b
In base 6, what is -1 + 4223335?
4223334
In base 15, what is 8bc4 + 5?
8bc9
In base 8, what is 1153 - 316?
635
In base 13, what is -5 + 6a448?
6a443
In base 11, what is 3 - -29a673?
29a676
In base 4, what is 1310312302 + 2?
1310312310
In base 10, what is -657755 - -2?
-657753
In base 7, what is 61300 + -5?
61262
In base 8, what is -105567 - -3?
-105564
In base 5, what is 440320 + 2?
440322
In base 7, what is -4 - 15246?
-15253
In base 5, what is -1 + 3142011?
3142010
In base 12, what is 2a898 - 6?
2a892
In base 15, what is dc + -340e?
-3322
In base 10, what is 54 - -13160?
13214
In base 15, what is -2e - -5dc?
5ad
In base 16, what is 6 - 128c7?
-128c1
In base 16, what is 0 + -46641?
-46641
In base 3, what is -200 + 11110122210?
11110122010
In base 6, what is 15041 + 101?
15142
In base 11, what is -3 - 75268?
-75270
In base 4, what is 31 - 121210?
-121113
In base 7, what is 13 + -531141?
-531125
In base 5, what is -11230 - 10101?
-21331
In base 9, what is -1407 - 4706?
-6214
In base 5, what is 22404 - 4?
22400
In base 14, what is 3 + -39a16?
-39a13
In base 9, what is 1 + 4856?
4857
In base 6, what is 12 - 24541?
-24525
In base 15, what is -d02e - 33?
-d062
In base 15, what is 1b35 - b4?
1a71
In base 7, what is -11456 + 16?
-11440
In base 15, what is 8 + -18d1?
-18c8
In base 8, what is -721 - 10?
-731
In base 3, what is -202102 + -21022110?
-22001212
In base 7, what is 230 + -624?
-364
In base 14, what is -99 - 24a?
-305
In base 8, what is -121 + 6365?
6244
In base 9, what is -104725 + 2?
-104723
In base 6, what is -1 + 15032134?
15032133
In base 7, what is 225 - 435?
-210
In base 11, what is 120165 + 10?
120175
In base 4, what is -22113130 + -1023?
-22120213
In base 15, what is 2ca + -8a?
240
In base 15, what is 2 + -3c34?
-3c32
In base 6, what is 2 + 2530041?
2530043
In base 11, what is 40 + -3046?
-3006
In base 15, what is -7b9a - -40?
-7b5a
In base 7, what is 4 + 431540?
431544
In base 11, what is -1043 + 9?
-1035
In base 6, what is -115241 + -2?
-115243
In base 11, what is 4 + 17161?
17165
In base 15, what is 1 + -17e86?
-17e85
In base 8, what is -1013 - -144?
-647
In base 3, what is -120 - 1110012?
-1110202
In base 2, what is -1000111101101 + -1000010?
-1001000101111
In base 6, what is -22032 + -10032?
-32104
In base 7, what is 312 - -1412?
2024
In base 10, what is -28 - 38001?
-38029
In base 3, what is -1111211220 - 1?
-1111211221
In base 7, what is 20 - 142?
-122
In base 7, what is 20253606 + -5?
20253601
In base 8, what is 524533 + -1?
524532
In base 13, what is -79 + -504?
-580
In base 9, what is 18425 + -2?
18423
In base 12, what is -1 - 1077b?
-10780
In base 2, what is -11110010100010100110100 + -101?
-11110010100010100111001
In base 4, what is -202100101 - 0?
-202100101
In base 10, what is 9 + 218?
227
In base 11, what is a22 - -65?
a87
In base 6, what is 20535502 - -5?
20535511
In base 6, what is 124 - -11033?
11201
In base 3, what is 10121122122 - 112?
10121122010
In base 14, what is 3 - -5493?
5496
In base 11, what is 188a2 + 6?
188a8
In base 10, what is -151178 - -7?
-151171
In base 9, what is 880 + -633?
246
In base 11, what is 4 + -959511?
-959508
In base 3, what is 11 - 2221212201?
-2221212120
In base 6, what is -5 - -1235525?
1235520
In base 3, what is 11001 - -222202222?
222221000
In base 11, what is -126129 + 4?
-126125
In base 10, what is -24 - 532?
-556
In base 8, what is -6 + 6316?
6310
In base 11, what is -18182a + -3?
-181832
In base 9, what is -88 - 8143?
-8242
In base 16, what is 1 - 721?
-720
In base 2, what is 101101010110 - -10011011011?
1000000110001
In base 10, what is -82 + 320